{"id":12482,"date":"2024-03-26T14:50:39","date_gmt":"2024-03-26T12:50:39","guid":{"rendered":"https:\/\/mobilia.fi\/?post_type=ajde_events&#038;p=12482"},"modified":"2024-04-03T15:51:36","modified_gmt":"2024-04-03T12:51:36","slug":"sunnuntaibrunssi-7-4","status":"publish","type":"ajde_events","link":"https:\/\/mobilia.fi\/fi\/tapahtuma\/sunnuntaibrunssi-7-4\/","title":{"rendered":"Sunnuntaibrunssi"},"content":{"rendered":"<p>Sunnuntaina 7.4.2024 klo 11.30-14.30 Mobiliassa on tarjolla sunnuntaibrunssi!<\/p>\n<p><strong>Brunssip\u00f6yd\u00e4ss\u00e4 tarjolla<\/strong><br \/>\n<em>Yrtti-vihersalaattia ja basilika\u00f6ljy\u00e4 V, G<\/em><br \/>\n<em>Caesarsalaattia ja parmesaanilastuja L<\/em><br \/>\n<em>Sitruunaista parsacouscoussalaattia L<\/em><br \/>\n<em>Timjamipaahdettua kananpoikaa M, G<\/em><br \/>\n<em>Marinoituja kev\u00e4tkasviksia M, G<\/em><br \/>\n<em>Leip\u00e4valikoima ja levitett\u00e4 L<\/em><\/p>\n<p><em>Feta-pinaattipiirasta L<\/em><br \/>\n<em>Pekonifrittata L, G<\/em><br \/>\n<em>Pikkunakkeja ja minifrikadelleja L<\/em><br \/>\n<em>Falafelpy\u00f6ryk\u00f6it\u00e4 L, G<\/em><\/p>\n<p><em>Hedelm\u00e4salaattia L, G<\/em><br \/>\n<em>Juustokakkua L, G<\/em><br \/>\n<em>Suklaabrownieta L<\/em><br \/>\n<em>Kahvia ja teet\u00e4<\/em><\/p>\n<p>Brunssin hinta 24,90 \u20ac\/hl\u00f6<br \/>\n7\u201312-vuotiaat lapset puoleen hintaan<br \/>\nalle 7-vuotiaat 1 \u20ac\/ik\u00e4vuosi<\/p>\n<p>Varauskyselyt<br \/>\nravintola@mobilia.fi<br \/>\npuh. 045 78347770<\/p>\n<p>Tervetuloa!<\/p>\n","protected":false},"author":6,"featured_media":12483,"menu_order":0,"comment_status":"closed","ping_status":"closed","template":"","meta":{"_acf_changed":false,"inline_featured_image":false},"tags":[],"event_type":[],"event_type_2":[],"class_list":["post-12482","ajde_events","type-ajde_events","status-publish","has-post-thumbnail","hentry"],"acf":[],"_links":{"self":[{"href":"https:\/\/mobilia.fi\/fi\/wp-json\/wp\/v2\/ajde_events\/12482","targetHints":{"allow":["GET"]}}],"collection":[{"href":"https:\/\/mobilia.fi\/fi\/wp-json\/wp\/v2\/ajde_events"}],"about":[{"href":"https:\/\/mobilia.fi\/fi\/wp-json\/wp\/v2\/types\/ajde_events"}],"author":[{"embeddable":true,"href":"https:\/\/mobilia.fi\/fi\/wp-json\/wp\/v2\/users\/6"}],"replies":[{"embeddable":true,"href":"https:\/\/mobilia.fi\/fi\/wp-json\/wp\/v2\/comments?post=12482"}],"version-history":[{"count":6,"href":"https:\/\/mobilia.fi\/fi\/wp-json\/wp\/v2\/ajde_events\/12482\/revisions"}],"predecessor-version":[{"id":12535,"href":"https:\/\/mobilia.fi\/fi\/wp-json\/wp\/v2\/ajde_events\/12482\/revisions\/12535"}],"wp:featuredmedia":[{"embeddable":true,"href":"https:\/\/mobilia.fi\/fi\/wp-json\/wp\/v2\/media\/12483"}],"wp:attachment":[{"href":"https:\/\/mobilia.fi\/fi\/wp-json\/wp\/v2\/media?parent=12482"}],"wp:term":[{"taxonomy":"post_tag","embeddable":true,"href":"https:\/\/mobilia.fi\/fi\/wp-json\/wp\/v2\/tags?post=12482"},{"taxonomy":"event_type","embeddable":true,"href":"https:\/\/mobilia.fi\/fi\/wp-json\/wp\/v2\/event_type?post=12482"},{"taxonomy":"event_type_2","embeddable":true,"href":"https:\/\/mobilia.fi\/fi\/wp-json\/wp\/v2\/event_type_2?post=12482"}],"curies":[{"name":"wp","href":"https:\/\/api.w.org\/{rel}","templated":true}]}}

<p>Sunnuntaina 7.4.2024 klo 11.30-14.30 Mobiliassa on tarjolla sunnuntaibrunssi!</p>
<p><strong>Brunssipöydässä tarjolla</strong><br />
<em>Yrtti-vihersalaattia ja basilikaöljyä V, G</em><br />
<em>Caesarsalaattia ja parmesaanilastuja L</em><br />
<em>Sitruunaista parsacouscoussalaattia L</em><br />
<em>Timjamipaahdettua kananpoikaa M, G</em><br />
<em>Marinoituja kevätkasviksia M, G</em><br />
<em>Leipävalikoima ja levitettä L</em></p>
<p><em>Feta-pinaattipiirasta L</em><br />
<em>Pekonifrittata L, G</em><br />
<em>Pikkunakkeja ja minifrikadelleja L</em><br />
<em>Falafelpyöryköitä L, G</em></p>
<p><em>Hedelmäsalaattia L, G</em><br />
<em>Juustokakkua L, G</em><br />
<em>Suklaabrownieta L</em><br />
<em>Kahvia ja teetä</em></p>
<p>Brunssin hinta 24,90 €/hlö<br />
7–12-vuotiaat lapset puoleen hintaan<br />
alle 7-vuotiaat 1 €/ikävuosi</p>
<p>Varauskyselyt<br />
ravintola@mobilia.fi<br />
puh. 045 78347770</p>
<p>Tervetuloa!</p>
