{"id":13501,"date":"2024-07-05T10:38:58","date_gmt":"2024-07-05T07:38:58","guid":{"rendered":"https:\/\/mobilia.fi\/?post_type=ajde_events&#038;p=13501"},"modified":"2024-07-05T10:55:35","modified_gmt":"2024-07-05T07:55:35","slug":"sivellintarinoita","status":"publish","type":"ajde_events","link":"https:\/\/mobilia.fi\/fi\/tapahtuma\/sivellintarinoita\/","title":{"rendered":"Sivellintarinoita"},"content":{"rendered":"<p>Sivellintarinoita on taiden\u00e4yttely, joka on n\u00e4ht\u00e4vill\u00e4 <a href=\"https:\/\/www.kangasala.fi\/hyvinvointi-ja-vapaa-aika\/kulttuuri\/kaupunkitapahtumat\/kangasalan-kulttuuriviikko-8-14-7-2024\/\" target=\"_blank\" rel=\"noopener\">Kangasalan kulttuuriviikon<\/a> innoittamana Mobilian kahvilan yhteydess\u00e4 olevassa Minikabinetissa 9.\u201318.7.2024.<br \/>\nN\u00e4yttely koostuu Leena Aalto-Heikkil\u00e4n ja Virpi-Marja Palokallion ihastuttavista akvarellli- ja sekatekniikkateoksista.<\/p>\n<p>N\u00e4yttely on vapaasti yleis\u00f6n tutustuttavissa Mobilian avoinnaoloaikojen puitteissa aina kun Minikabinetissa ei ole ryhm\u00e4\u00e4.<\/p>\n<p>Leena Aalto-Heikkil\u00e4 pit\u00e4\u00e4 Mobiliassa lauantaina 13.7. <a href=\"https:\/\/vello.fi\/mobilia\/\" target=\"_blank\" rel=\"noopener\">Cake &amp; Paint -luovuusty\u00f6pajan<\/a>. Ilmoittaudu mukaan!<br \/>\nTutustu koko <a href=\"https:\/\/mobilia.fi\/fi\/tapahtuma\/taidetta-ja-pienoismalleja-mobiliassa-2024\/\" target=\"_blank\" rel=\"noopener\">Taidetta ja pienoismalleja -tapahtuman ohjelmaan<\/a> 13.7.<\/p>\n","protected":false},"author":2,"featured_media":13502,"menu_order":0,"comment_status":"closed","ping_status":"closed","template":"","meta":{"_acf_changed":false,"inline_featured_image":false},"tags":[],"event_type":[],"event_type_2":[],"class_list":["post-13501","ajde_events","type-ajde_events","status-publish","has-post-thumbnail","hentry"],"acf":[],"_links":{"self":[{"href":"https:\/\/mobilia.fi\/fi\/wp-json\/wp\/v2\/ajde_events\/13501","targetHints":{"allow":["GET"]}}],"collection":[{"href":"https:\/\/mobilia.fi\/fi\/wp-json\/wp\/v2\/ajde_events"}],"about":[{"href":"https:\/\/mobilia.fi\/fi\/wp-json\/wp\/v2\/types\/ajde_events"}],"author":[{"embeddable":true,"href":"https:\/\/mobilia.fi\/fi\/wp-json\/wp\/v2\/users\/2"}],"replies":[{"embeddable":true,"href":"https:\/\/mobilia.fi\/fi\/wp-json\/wp\/v2\/comments?post=13501"}],"version-history":[{"count":4,"href":"https:\/\/mobilia.fi\/fi\/wp-json\/wp\/v2\/ajde_events\/13501\/revisions"}],"predecessor-version":[{"id":13507,"href":"https:\/\/mobilia.fi\/fi\/wp-json\/wp\/v2\/ajde_events\/13501\/revisions\/13507"}],"wp:featuredmedia":[{"embeddable":true,"href":"https:\/\/mobilia.fi\/fi\/wp-json\/wp\/v2\/media\/13502"}],"wp:attachment":[{"href":"https:\/\/mobilia.fi\/fi\/wp-json\/wp\/v2\/media?parent=13501"}],"wp:term":[{"taxonomy":"post_tag","embeddable":true,"href":"https:\/\/mobilia.fi\/fi\/wp-json\/wp\/v2\/tags?post=13501"},{"taxonomy":"event_type","embeddable":true,"href":"https:\/\/mobilia.fi\/fi\/wp-json\/wp\/v2\/event_type?post=13501"},{"taxonomy":"event_type_2","embeddable":true,"href":"https:\/\/mobilia.fi\/fi\/wp-json\/wp\/v2\/event_type_2?post=13501"}],"curies":[{"name":"wp","href":"https:\/\/api.w.org\/{rel}","templated":true}]}}

<p>Sivellintarinoita on taidenäyttely, joka on nähtävillä <a href="https://www.kangasala.fi/hyvinvointi-ja-vapaa-aika/kulttuuri/kaupunkitapahtumat/kangasalan-kulttuuriviikko-8-14-7-2024/" target="_blank" rel="noopener">Kangasalan kulttuuriviikon</a> innoittamana Mobilian kahvilan yhteydessä olevassa Minikabinetissa 9.–18.7.2024.<br />
Näyttely koostuu Leena Aalto-Heikkilän ja Virpi-Marja Palokallion ihastuttavista akvarellli- ja sekatekniikkateoksista.</p>
<p>Näyttely on vapaasti yleisön tutustuttavissa Mobilian avoinnaoloaikojen puitteissa aina kun Minikabinetissa ei ole ryhmää.</p>
<p>Leena Aalto-Heikkilä pitää Mobiliassa lauantaina 13.7. <a href="https://vello.fi/mobilia/" target="_blank" rel="noopener">Cake &amp; Paint -luovuustyöpajan</a>. Ilmoittaudu mukaan!<br />
Tutustu koko <a href="https://mobilia.fi/fi/tapahtuma/taidetta-ja-pienoismalleja-mobiliassa-2024/" target="_blank" rel="noopener">Taidetta ja pienoismalleja -tapahtuman ohjelmaan</a> 13.7.</p>
