{"id":13857,"date":"2024-09-08T11:34:38","date_gmt":"2024-09-08T08:34:38","guid":{"rendered":"https:\/\/mobilia.fi\/?post_type=ajde_events&#038;p=13857"},"modified":"2024-09-13T10:58:18","modified_gmt":"2024-09-13T07:58:18","slug":"brunssimenu-22-9-2024","status":"publish","type":"ajde_events","link":"https:\/\/mobilia.fi\/fi\/tapahtuma\/brunssimenu-22-9-2024\/","title":{"rendered":"Sunnuntaibrunssi 22.9.2024"},"content":{"rendered":"<p>Mobilia ravintola kattaa tarjolle herkullisen sunnuntaibrunssin <strong>22.9.2024<\/strong> klo <strong>11.30\u201314.30.<\/strong> L\u00e4mpim\u00e4sti tervetuloa herkuttelemaan!<\/p>\n<p>&nbsp;<\/p>\n<p><em><strong>Brunssimenu\u00a0<\/strong><\/em><\/p>\n<p><em>Yrtti-vihersalaattia V, G <\/em><\/p>\n<p><em>Kanacaesarsalaattia ja parmesaanilastuja L <\/em><\/p>\n<p><em>Paahdettua myskikurpitsaa L,G\u00a0<\/em><\/p>\n<p><em>Maalaisperunasalaattia\u00a0sek\u00e4 marinoitua punasipulia V,G<\/em><\/p>\n<p><em>L\u00e4mminsavulohta\u00a0ja ruohosipulitartaria M,G<\/em><\/p>\n<p><em>Marinoituja oliiveja,\u00a0kirsikkatomaatteja ja artisokansyd\u00e4mi\u00e4 V,G<\/em><\/p>\n<p><em>Leip\u00e4valikoima ja levitett\u00e4 L\u00a0<\/em><\/p>\n<p><em>Sienipiirasta L<\/em><\/p>\n<p><em>Pekonifrittata L, G<\/em><\/p>\n<p><em>Mattilan possupastramia L, G\u00a0<\/em><\/p>\n<p><em>Falafelpy\u00f6ryk\u00f6it\u00e4 L, G<\/em><\/p>\n<p>&nbsp;<\/p>\n<p><em>Hedelm\u00e4smoothie L, G<\/em><\/p>\n<p><em>Mustikkakakkua<\/em><\/p>\n<p><em>Tuulihattuja\u00a0<\/em><\/p>\n<p><em>Suklaabrownieta L, G<\/em><\/p>\n<p><em>Kahvi\/tee<\/em><\/p>\n<p>&nbsp;<\/p>\n<p><em><strong>Hinta 24,90 \u20ac\/hl\u00f6<\/strong><\/em><\/p>\n<p><em>7\u201312-vuotiaat lapset puoleen hintaan\u00a0<\/em><\/p>\n<p><em>alle 7-vuotiaat 1,00 \u20ac\/ik\u00e4vuosi\u00a0<\/em><\/p>\n<p>&nbsp;<\/p>\n","protected":false},"author":6,"featured_media":13476,"menu_order":0,"comment_status":"closed","ping_status":"closed","template":"","meta":{"_acf_changed":false,"inline_featured_image":false},"tags":[],"event_type":[],"event_type_2":[],"class_list":["post-13857","ajde_events","type-ajde_events","status-publish","has-post-thumbnail","hentry"],"acf":[],"_links":{"self":[{"href":"https:\/\/mobilia.fi\/fi\/wp-json\/wp\/v2\/ajde_events\/13857","targetHints":{"allow":["GET"]}}],"collection":[{"href":"https:\/\/mobilia.fi\/fi\/wp-json\/wp\/v2\/ajde_events"}],"about":[{"href":"https:\/\/mobilia.fi\/fi\/wp-json\/wp\/v2\/types\/ajde_events"}],"author":[{"embeddable":true,"href":"https:\/\/mobilia.fi\/fi\/wp-json\/wp\/v2\/users\/6"}],"replies":[{"embeddable":true,"href":"https:\/\/mobilia.fi\/fi\/wp-json\/wp\/v2\/comments?post=13857"}],"version-history":[{"count":4,"href":"https:\/\/mobilia.fi\/fi\/wp-json\/wp\/v2\/ajde_events\/13857\/revisions"}],"predecessor-version":[{"id":13916,"href":"https:\/\/mobilia.fi\/fi\/wp-json\/wp\/v2\/ajde_events\/13857\/revisions\/13916"}],"wp:featuredmedia":[{"embeddable":true,"href":"https:\/\/mobilia.fi\/fi\/wp-json\/wp\/v2\/media\/13476"}],"wp:attachment":[{"href":"https:\/\/mobilia.fi\/fi\/wp-json\/wp\/v2\/media?parent=13857"}],"wp:term":[{"taxonomy":"post_tag","embeddable":true,"href":"https:\/\/mobilia.fi\/fi\/wp-json\/wp\/v2\/tags?post=13857"},{"taxonomy":"event_type","embeddable":true,"href":"https:\/\/mobilia.fi\/fi\/wp-json\/wp\/v2\/event_type?post=13857"},{"taxonomy":"event_type_2","embeddable":true,"href":"https:\/\/mobilia.fi\/fi\/wp-json\/wp\/v2\/event_type_2?post=13857"}],"curies":[{"name":"wp","href":"https:\/\/api.w.org\/{rel}","templated":true}]}}

<p>Mobilia ravintola kattaa tarjolle herkullisen sunnuntaibrunssin <strong>22.9.2024</strong> klo <strong>11.30–14.30.</strong> Lämpimästi tervetuloa herkuttelemaan!</p>
<p>&nbsp;</p>
<p><em><strong>Brunssimenu </strong></em></p>
<p><em>Yrtti-vihersalaattia V, G </em></p>
<p><em>Kanacaesarsalaattia ja parmesaanilastuja L </em></p>
<p><em>Paahdettua myskikurpitsaa L,G </em></p>
<p><em>Maalaisperunasalaattia sekä marinoitua punasipulia V,G</em></p>
<p><em>Lämminsavulohta ja ruohosipulitartaria M,G</em></p>
<p><em>Marinoituja oliiveja, kirsikkatomaatteja ja artisokansydämiä V,G</em></p>
<p><em>Leipävalikoima ja levitettä L </em></p>
<p><em>Sienipiirasta L</em></p>
<p><em>Pekonifrittata L, G</em></p>
<p><em>Mattilan possupastramia L, G </em></p>
<p><em>Falafelpyöryköitä L, G</em></p>
<p>&nbsp;</p>
<p><em>Hedelmäsmoothie L, G</em></p>
<p><em>Mustikkakakkua</em></p>
<p><em>Tuulihattuja </em></p>
<p><em>Suklaabrownieta L, G</em></p>
<p><em>Kahvi/tee</em></p>
<p>&nbsp;</p>
<p><em><strong>Hinta 24,90 €/hlö</strong></em></p>
<p><em>7–12-vuotiaat lapset puoleen hintaan </em></p>
<p><em>alle 7-vuotiaat 1,00 €/ikävuosi </em></p>
<p>&nbsp;</p>
