{"id":14617,"date":"2024-12-02T10:51:54","date_gmt":"2024-12-02T08:51:54","guid":{"rendered":"https:\/\/mobilia.fi\/?post_type=ajde_events&#038;p=14617"},"modified":"2024-12-02T12:02:15","modified_gmt":"2024-12-02T10:02:15","slug":"classic-motorshow-2025-lahden-messukeskus","status":"publish","type":"ajde_events","link":"https:\/\/mobilia.fi\/fi\/tapahtuma\/classic-motorshow-2025-lahden-messukeskus\/","title":{"rendered":"Classic Motorshow 2025, Lahden messukeskus"},"content":{"rendered":"<p>3.-4.5.2024<\/p>\n<p>Mobilia on mukana Classic Motorshow\u2019ssa Lahden Messukeskuksessa.<span data-offset-key=\"7apjn-0-0\"> Lahdessa n\u00e4hd\u00e4\u00e4n! Lis\u00e4tietoa tapahtumasta: <a href=\"https:\/\/classicmotorshow.fi\/\" target=\"_blank\" rel=\"noopener\">https:\/\/classicmotorshow.fi\/<\/a><\/span><\/p>\n","protected":false},"author":6,"featured_media":14618,"menu_order":0,"comment_status":"closed","ping_status":"closed","template":"","meta":{"_acf_changed":false,"inline_featured_image":false},"tags":[],"event_type":[],"event_type_2":[],"class_list":["post-14617","ajde_events","type-ajde_events","status-publish","has-post-thumbnail","hentry"],"acf":[],"_links":{"self":[{"href":"https:\/\/mobilia.fi\/fi\/wp-json\/wp\/v2\/ajde_events\/14617","targetHints":{"allow":["GET"]}}],"collection":[{"href":"https:\/\/mobilia.fi\/fi\/wp-json\/wp\/v2\/ajde_events"}],"about":[{"href":"https:\/\/mobilia.fi\/fi\/wp-json\/wp\/v2\/types\/ajde_events"}],"author":[{"embeddable":true,"href":"https:\/\/mobilia.fi\/fi\/wp-json\/wp\/v2\/users\/6"}],"replies":[{"embeddable":true,"href":"https:\/\/mobilia.fi\/fi\/wp-json\/wp\/v2\/comments?post=14617"}],"version-history":[{"count":1,"href":"https:\/\/mobilia.fi\/fi\/wp-json\/wp\/v2\/ajde_events\/14617\/revisions"}],"predecessor-version":[{"id":14620,"href":"https:\/\/mobilia.fi\/fi\/wp-json\/wp\/v2\/ajde_events\/14617\/revisions\/14620"}],"wp:featuredmedia":[{"embeddable":true,"href":"https:\/\/mobilia.fi\/fi\/wp-json\/wp\/v2\/media\/14618"}],"wp:attachment":[{"href":"https:\/\/mobilia.fi\/fi\/wp-json\/wp\/v2\/media?parent=14617"}],"wp:term":[{"taxonomy":"post_tag","embeddable":true,"href":"https:\/\/mobilia.fi\/fi\/wp-json\/wp\/v2\/tags?post=14617"},{"taxonomy":"event_type","embeddable":true,"href":"https:\/\/mobilia.fi\/fi\/wp-json\/wp\/v2\/event_type?post=14617"},{"taxonomy":"event_type_2","embeddable":true,"href":"https:\/\/mobilia.fi\/fi\/wp-json\/wp\/v2\/event_type_2?post=14617"}],"curies":[{"name":"wp","href":"https:\/\/api.w.org\/{rel}","templated":true}]}}

<p>3.-4.5.2024</p>
<p>Mobilia on mukana Classic Motorshow’ssa Lahden Messukeskuksessa.<span data-offset-key="7apjn-0-0"> Lahdessa nähdään! Lisätietoa tapahtumasta: <a href="https://classicmotorshow.fi/" target="_blank" rel="noopener">https://classicmotorshow.fi/</a></span></p>
