{"id":15461,"date":"2025-05-10T10:56:20","date_gmt":"2025-05-10T07:56:20","guid":{"rendered":"https:\/\/mobilia.fi\/?post_type=ajde_events&#038;p=15461"},"modified":"2025-05-10T10:56:20","modified_gmt":"2025-05-10T07:56:20","slug":"syksyinen-restaurantapaiva-mobiliassa-2025","status":"publish","type":"ajde_events","link":"https:\/\/mobilia.fi\/fi\/tapahtuma\/syksyinen-restaurantapaiva-mobiliassa-2025\/","title":{"rendered":"Syksyinen Restaurantap\u00e4iv\u00e4 Mobiliassa 2025"},"content":{"rendered":"<p>Syksyinen RestauRanta-p\u00e4iv\u00e4 Kangasalla Mobilian Tiemestaripiirin alueella lauantaina 23.8.2025 klo 8\u201315. Tule tekem\u00e4\u00e4n myyntitorilta l\u00f6yt\u00f6j\u00e4 jos jonkinmoisia!<br \/>\nSis\u00e4\u00e4np\u00e4\u00e4symaksu 5 \u20ac\/hl\u00f6 (k\u00e4teismaksu), alle 10-vuotiaat ilmaiseksi.<\/p>\n<p>J\u00e4rjest\u00e4j\u00e4: Tampereen Seudun Mobilistit ry<\/p>\n<div class=\"\" data-block=\"true\" data-editor=\"35mqf\" data-offset-key=\"76u7b-0-0\">\n<div class=\"_1mf _1mj\" data-offset-key=\"76u7b-0-0\"><span data-offset-key=\"76u7b-0-0\">Huomioithan saapumistasi suunnitellessa, ett\u00e4 valitettavasti kes\u00e4iset Nysse-yhteydet ovat huonot. L\u00e4hin bussipys\u00e4kki Huutij\u00e4rvell\u00e4. Omalla autolla saapuessa, seuraathan liikenteenohjausta. Harrasteajoneuvoille on oma parkkinsa. <\/span><\/div>\n<\/div>\n<div class=\"\" data-block=\"true\" data-editor=\"35mqf\" data-offset-key=\"amsne-0-0\">\n<div class=\"_1mf _1mj\" data-offset-key=\"amsne-0-0\"><span data-offset-key=\"amsne-0-0\">\u00a0<\/span><\/div>\n<\/div>\n<div class=\"\" data-block=\"true\" data-editor=\"35mqf\" data-offset-key=\"8am2i-0-0\">\n<div class=\"_1mf _1mj\" data-offset-key=\"8am2i-0-0\"><span data-offset-key=\"8am2i-0-0\">Mobilia on tapahtumap\u00e4iv\u00e4n\u00e4 normaalisti avoinna klo 10\u201316. Museolipulla p\u00e4\u00e4see my\u00f6s tapahtuma-alueelle.<\/span><\/div>\n<\/div>\n<p>Lis\u00e4tietoa <a href=\"https:\/\/www.tammob.com\/restaurantapaivat-2\/\" target=\"_blank\" rel=\"noopener\">Restaurantap\u00e4iv\u00e4t\u00a0<\/a><\/p>\n","protected":false},"author":6,"featured_media":12133,"menu_order":0,"comment_status":"closed","ping_status":"closed","template":"","meta":{"_acf_changed":false,"inline_featured_image":false},"tags":[],"event_type":[],"event_type_2":[],"class_list":["post-15461","ajde_events","type-ajde_events","status-publish","has-post-thumbnail","hentry"],"acf":[],"_links":{"self":[{"href":"https:\/\/mobilia.fi\/fi\/wp-json\/wp\/v2\/ajde_events\/15461","targetHints":{"allow":["GET"]}}],"collection":[{"href":"https:\/\/mobilia.fi\/fi\/wp-json\/wp\/v2\/ajde_events"}],"about":[{"href":"https:\/\/mobilia.fi\/fi\/wp-json\/wp\/v2\/types\/ajde_events"}],"author":[{"embeddable":true,"href":"https:\/\/mobilia.fi\/fi\/wp-json\/wp\/v2\/users\/6"}],"replies":[{"embeddable":true,"href":"https:\/\/mobilia.fi\/fi\/wp-json\/wp\/v2\/comments?post=15461"}],"version-history":[{"count":1,"href":"https:\/\/mobilia.fi\/fi\/wp-json\/wp\/v2\/ajde_events\/15461\/revisions"}],"predecessor-version":[{"id":15462,"href":"https:\/\/mobilia.fi\/fi\/wp-json\/wp\/v2\/ajde_events\/15461\/revisions\/15462"}],"wp:featuredmedia":[{"embeddable":true,"href":"https:\/\/mobilia.fi\/fi\/wp-json\/wp\/v2\/media\/12133"}],"wp:attachment":[{"href":"https:\/\/mobilia.fi\/fi\/wp-json\/wp\/v2\/media?parent=15461"}],"wp:term":[{"taxonomy":"post_tag","embeddable":true,"href":"https:\/\/mobilia.fi\/fi\/wp-json\/wp\/v2\/tags?post=15461"},{"taxonomy":"event_type","embeddable":true,"href":"https:\/\/mobilia.fi\/fi\/wp-json\/wp\/v2\/event_type?post=15461"},{"taxonomy":"event_type_2","embeddable":true,"href":"https:\/\/mobilia.fi\/fi\/wp-json\/wp\/v2\/event_type_2?post=15461"}],"curies":[{"name":"wp","href":"https:\/\/api.w.org\/{rel}","templated":true}]}}

Syksyinen Restaurantapäivä Mobiliassa 2025

<p>Syksyinen RestauRanta-päivä Kangasalla Mobilian Tiemestaripiirin alueella lauantaina 23.8.2025 klo 8–15. Tule tekemään myyntitorilta löytöjä jos jonkinmoisia!<br />
Sisäänpääsymaksu 5 €/hlö (käteismaksu), alle 10-vuotiaat ilmaiseksi.</p>
<p>Järjestäjä: Tampereen Seudun Mobilistit ry</p>
<div class="" data-block="true" data-editor="35mqf" data-offset-key="76u7b-0-0">
<div class="_1mf _1mj" data-offset-key="76u7b-0-0"><span data-offset-key="76u7b-0-0">Huomioithan saapumistasi suunnitellessa, että valitettavasti kesäiset Nysse-yhteydet ovat huonot. Lähin bussipysäkki Huutijärvellä. Omalla autolla saapuessa, seuraathan liikenteenohjausta. Harrasteajoneuvoille on oma parkkinsa. </span></div>
</div>
<div class="" data-block="true" data-editor="35mqf" data-offset-key="amsne-0-0">
<div class="_1mf _1mj" data-offset-key="amsne-0-0"><span data-offset-key="amsne-0-0"> </span></div>
</div>
<div class="" data-block="true" data-editor="35mqf" data-offset-key="8am2i-0-0">
<div class="_1mf _1mj" data-offset-key="8am2i-0-0"><span data-offset-key="8am2i-0-0">Mobilia on tapahtumapäivänä normaalisti avoinna klo 10–16. Museolipulla pääsee myös tapahtuma-alueelle.</span></div>
</div>
<p>Lisätietoa <a href="https://www.tammob.com/restaurantapaivat-2/" target="_blank" rel="noopener">Restaurantapäivät </a></p>
