{"id":16762,"date":"2026-04-24T10:36:16","date_gmt":"2026-04-24T07:36:16","guid":{"rendered":"https:\/\/mobilia.fi\/?post_type=ajde_events&#038;p=16762"},"modified":"2026-04-24T10:36:16","modified_gmt":"2026-04-24T07:36:16","slug":"jaana-saarinen-ja-marjukka-loponen-ajan-virrassa","status":"publish","type":"ajde_events","link":"https:\/\/mobilia.fi\/fi\/tapahtuma\/jaana-saarinen-ja-marjukka-loponen-ajan-virrassa\/","title":{"rendered":"Jaana Saarinen ja Marjukka Loponen: Ajan Virrassa"},"content":{"rendered":"<p>Toukokuussa Mobilian Minikabinetissa on n\u00e4ht\u00e4vill\u00e4 Jaana Saarisen ja Marjukka Loposen kiert\u00e4v\u00e4 taiden\u00e4yttely: Ajan Virrassa.<\/p>\n<p>N\u00e4yttely johdattaa katsojan el\u00e4inten, ihmisten ja elollisten olioiden hetken tilanteisiin, tunteisiin ja tuntemuksiin.<br \/>\nHetken pys\u00e4hdys ty\u00f6n \u00e4\u00e4relle saa aistin her\u00e4\u00e4m\u00e4\u00e4n, tuntemaan tuoksun, maun, hajun tai vaikkapa jonkun tuntemuksen.<br \/>\nTekniikoina taiteilijat ovat k\u00e4ytt\u00e4neet, akryyliv\u00e4rej\u00e4, sekatekniikkaa ja hiilt\u00e4. T\u00f6iden v\u00e4rimaailmassa on hempeytt\u00e4, v\u00e4rej\u00e4 luonnon meille tarjoamasta ihanuudesta, mutta my\u00f6s musta-valkoisuus v\u00e4ritt\u00f6myydess\u00e4\u00e4n luo tietynlaisen harmoonisuuden ja antaa katsojalle mahdollisuuden v\u00e4ritt\u00e4\u00e4 kuva vaikkapa mieless\u00e4\u00e4n.<br \/>\nT\u00f6ist\u00e4 v\u00e4littyy molempien taiteilijoiden tunteita, syd\u00e4melle t\u00e4rkeit\u00e4 asioita ja mielenkiinnon kohteita.<br \/>\nTeokset ovat syntyneet suurella syd\u00e4men palolla \u2764\ufe0f<\/p>\n<p>Ajan Virrassa -taiden\u00e4yttely on esill\u00e4 Mobilian kahvilan yhteydess\u00e4 olevassa Minikabinetissa 1.\u201331.5.2026. N\u00e4yttely on vapaasti yleis\u00f6n tutustuttavissa Mobilian aukioloaikojen puitteissa aina, kun Minikabinettia ei ole varattu yksityistilaisuuteen.<\/p>\n<p><em>Kuva: Kev\u00e4iset karhut, Jaana Saarinen, akryyli<\/em><\/p>\n","protected":false},"author":6,"featured_media":16763,"menu_order":0,"comment_status":"closed","ping_status":"closed","template":"","meta":{"_acf_changed":false,"inline_featured_image":false},"tags":[],"event_type":[],"event_type_2":[],"class_list":["post-16762","ajde_events","type-ajde_events","status-publish","has-post-thumbnail","hentry"],"acf":[],"_links":{"self":[{"href":"https:\/\/mobilia.fi\/fi\/wp-json\/wp\/v2\/ajde_events\/16762","targetHints":{"allow":["GET"]}}],"collection":[{"href":"https:\/\/mobilia.fi\/fi\/wp-json\/wp\/v2\/ajde_events"}],"about":[{"href":"https:\/\/mobilia.fi\/fi\/wp-json\/wp\/v2\/types\/ajde_events"}],"author":[{"embeddable":true,"href":"https:\/\/mobilia.fi\/fi\/wp-json\/wp\/v2\/users\/6"}],"replies":[{"embeddable":true,"href":"https:\/\/mobilia.fi\/fi\/wp-json\/wp\/v2\/comments?post=16762"}],"version-history":[{"count":1,"href":"https:\/\/mobilia.fi\/fi\/wp-json\/wp\/v2\/ajde_events\/16762\/revisions"}],"predecessor-version":[{"id":16765,"href":"https:\/\/mobilia.fi\/fi\/wp-json\/wp\/v2\/ajde_events\/16762\/revisions\/16765"}],"wp:featuredmedia":[{"embeddable":true,"href":"https:\/\/mobilia.fi\/fi\/wp-json\/wp\/v2\/media\/16763"}],"wp:attachment":[{"href":"https:\/\/mobilia.fi\/fi\/wp-json\/wp\/v2\/media?parent=16762"}],"wp:term":[{"taxonomy":"post_tag","embeddable":true,"href":"https:\/\/mobilia.fi\/fi\/wp-json\/wp\/v2\/tags?post=16762"},{"taxonomy":"event_type","embeddable":true,"href":"https:\/\/mobilia.fi\/fi\/wp-json\/wp\/v2\/event_type?post=16762"},{"taxonomy":"event_type_2","embeddable":true,"href":"https:\/\/mobilia.fi\/fi\/wp-json\/wp\/v2\/event_type_2?post=16762"}],"curies":[{"name":"wp","href":"https:\/\/api.w.org\/{rel}","templated":true}]}}

<p>Toukokuussa Mobilian Minikabinetissa on nähtävillä Jaana Saarisen ja Marjukka Loposen kiertävä taidenäyttely: Ajan Virrassa.</p>
<p>Näyttely johdattaa katsojan eläinten, ihmisten ja elollisten olioiden hetken tilanteisiin, tunteisiin ja tuntemuksiin.<br />
Hetken pysähdys työn äärelle saa aistin heräämään, tuntemaan tuoksun, maun, hajun tai vaikkapa jonkun tuntemuksen.<br />
Tekniikoina taiteilijat ovat käyttäneet, akryylivärejä, sekatekniikkaa ja hiiltä. Töiden värimaailmassa on hempeyttä, värejä luonnon meille tarjoamasta ihanuudesta, mutta myös musta-valkoisuus värittömyydessään luo tietynlaisen harmoonisuuden ja antaa katsojalle mahdollisuuden värittää kuva vaikkapa mielessään.<br />
Töistä välittyy molempien taiteilijoiden tunteita, sydämelle tärkeitä asioita ja mielenkiinnon kohteita.<br />
Teokset ovat syntyneet suurella sydämen palolla ❤️</p>
<p>Ajan Virrassa -taidenäyttely on esillä Mobilian kahvilan yhteydessä olevassa Minikabinetissa 1.–31.5.2026. Näyttely on vapaasti yleisön tutustuttavissa Mobilian aukioloaikojen puitteissa aina, kun Minikabinettia ei ole varattu yksityistilaisuuteen.</p>
<p><em>Kuva: Keväiset karhut, Jaana Saarinen, akryyli</em></p>
