{"id":17431,"date":"2026-09-02T10:22:25","date_gmt":"2026-09-02T07:22:25","guid":{"rendered":"https:\/\/mobilia.fi\/fi\/?post_type=ajde_events&p=17431"},"modified":"2026-09-02T10:29:44","modified_gmt":"2026-09-02T07:29:44","slug":"isanpaivalounas-2026","status":"publish","type":"ajde_events","link":"https:\/\/mobilia.fi\/fi\/tapahtuma\/isanpaivalounas-2026\/","title":{"rendered":"Is\u00e4np\u00e4iv\u00e4lounas 2026"},"content":{"rendered":"<p><strong>Is\u00e4np\u00e4iv\u00e4n lounas 2026<\/strong><br \/>\nKattaus klo 13<br \/>\nRucola-vihersalaattia, basilika\u00f6ljy\u00e4 ja confattuja kirsikkatomaatteja VEG, G<br \/>\nTimjamipaahdettua punajuurta, fetajuustokreemi\u00e4 ja karamellisoituja pekaanip\u00e4hkin\u00f6it\u00e4 L, G<br \/>\nKirkasta perunasalaattia, pikkel\u00f6ity\u00e4 fenkolia ja omenaa VEG, G<br \/>\nKylm\u00e4savulohitartaria saaristolaisleiv\u00e4ll\u00e4 ja pikkel\u00f6ity\u00e4 punasipulia L<br \/>\nPaahdettua myskikurpitsaa ja pinjansiemeni\u00e4 L, G<br \/>\nMarinoituja antipastokasviksia VEG, G<br \/>\nCaesar-salaattia, parmesaania ja yrttikrutonkeja L<br \/>\nLapsille kurkkua, kirsikkatomaatteja, paprikaa ja hedelm\u00e4paloja VEG, G<br \/>\nSaaristolaisleip\u00e4\u00e4, maalaisleip\u00e4\u00e4 ja vatkattua yrttivoita L<\/p>\n<p>Ylikyps\u00e4\u00e4 naudan brisketti\u00e4 ja portviinikastiketta L, G<br \/>\nPaahdettua lohta ja voi-valkoviinikastiketta L, G<br \/>\nSavustettua tofua chili-korianterikastikkeessa VEG, G<br \/>\nRosmariinipaahdettuja perunoita VEG, G<br \/>\nKaramellisoituja uunijuureksia VEG, G<br \/>\nLapsille<br \/>\nTalon lihapullia ja maalaisranskalaisia L, G<\/p>\n<p>Uuniomenatiramisu L, G<br \/>\nSuklaabrownieta ja marinoituja vadelmia L<br \/>\nLapsille<br \/>\nVaniljaj\u00e4\u00e4tel\u00f6puikko L, G<br \/>\nKahvi ja tee<\/p>\n<p>Menun hinta 44,50 \u20ac<br \/>\n1,50 \u20ac \/ per ik\u00e4vuosi 12-vuotiaaseen saakka<\/p>\n<p>P\u00f6yt\u00e4varaustiedustelut:<br \/>\npuh. 045 783 47770<br \/>\nravintola@mobilia.fi<\/p>\n<p>&nbsp;<\/p>\n","protected":false},"author":6,"featured_media":14055,"menu_order":0,"comment_status":"closed","ping_status":"closed","template":"","meta":{"_acf_changed":false,"inline_featured_image":false},"tags":[],"event_type":[],"event_type_2":[],"class_list":["post-17431","ajde_events","type-ajde_events","status-publish","has-post-thumbnail","hentry"],"acf":[],"_links":{"self":[{"href":"https:\/\/mobilia.fi\/fi\/wp-json\/wp\/v2\/ajde_events\/17431","targetHints":{"allow":["GET"]}}],"collection":[{"href":"https:\/\/mobilia.fi\/fi\/wp-json\/wp\/v2\/ajde_events"}],"about":[{"href":"https:\/\/mobilia.fi\/fi\/wp-json\/wp\/v2\/types\/ajde_events"}],"author":[{"embeddable":true,"href":"https:\/\/mobilia.fi\/fi\/wp-json\/wp\/v2\/users\/6"}],"replies":[{"embeddable":true,"href":"https:\/\/mobilia.fi\/fi\/wp-json\/wp\/v2\/comments?post=17431"}],"version-history":[{"count":1,"href":"https:\/\/mobilia.fi\/fi\/wp-json\/wp\/v2\/ajde_events\/17431\/revisions"}],"predecessor-version":[{"id":17435,"href":"https:\/\/mobilia.fi\/fi\/wp-json\/wp\/v2\/ajde_events\/17431\/revisions\/17435"}],"wp:featuredmedia":[{"embeddable":true,"href":"https:\/\/mobilia.fi\/fi\/wp-json\/wp\/v2\/media\/14055"}],"wp:attachment":[{"href":"https:\/\/mobilia.fi\/fi\/wp-json\/wp\/v2\/media?parent=17431"}],"wp:term":[{"taxonomy":"post_tag","embeddable":true,"href":"https:\/\/mobilia.fi\/fi\/wp-json\/wp\/v2\/tags?post=17431"},{"taxonomy":"event_type","embeddable":true,"href":"https:\/\/mobilia.fi\/fi\/wp-json\/wp\/v2\/event_type?post=17431"},{"taxonomy":"event_type_2","embeddable":true,"href":"https:\/\/mobilia.fi\/fi\/wp-json\/wp\/v2\/event_type_2?post=17431"}],"curies":[{"name":"wp","href":"https:\/\/api.w.org\/{rel}","templated":true}]}}

Isänpäivälounas 2026

<p><strong>Isänpäivän lounas 2026</strong><br />
Kattaus klo 13<br />
Rucola-vihersalaattia, basilikaöljyä ja confattuja kirsikkatomaatteja VEG, G<br />
Timjamipaahdettua punajuurta, fetajuustokreemiä ja karamellisoituja pekaanipähkinöitä L, G<br />
Kirkasta perunasalaattia, pikkelöityä fenkolia ja omenaa VEG, G<br />
Kylmäsavulohitartaria saaristolaisleivällä ja pikkelöityä punasipulia L<br />
Paahdettua myskikurpitsaa ja pinjansiemeniä L, G<br />
Marinoituja antipastokasviksia VEG, G<br />
Caesar-salaattia, parmesaania ja yrttikrutonkeja L<br />
Lapsille kurkkua, kirsikkatomaatteja, paprikaa ja hedelmäpaloja VEG, G<br />
Saaristolaisleipää, maalaisleipää ja vatkattua yrttivoita L</p>
<p>Ylikypsää naudan briskettiä ja portviinikastiketta L, G<br />
Paahdettua lohta ja voi-valkoviinikastiketta L, G<br />
Savustettua tofua chili-korianterikastikkeessa VEG, G<br />
Rosmariinipaahdettuja perunoita VEG, G<br />
Karamellisoituja uunijuureksia VEG, G<br />
Lapsille<br />
Talon lihapullia ja maalaisranskalaisia L, G</p>
<p>Uuniomenatiramisu L, G<br />
Suklaabrownieta ja marinoituja vadelmia L<br />
Lapsille<br />
Vaniljajäätelöpuikko L, G<br />
Kahvi ja tee</p>
<p>Menun hinta 44,50 €<br />
1,50 € / per ikävuosi 12-vuotiaaseen saakka</p>
<p>Pöytävaraustiedustelut:<br />
puh. 045 783 47770<br />
ravintola@mobilia.fi</p>
<p>&nbsp;</p>
