{"id":17486,"date":"2026-09-05T10:59:08","date_gmt":"2026-09-05T07:59:08","guid":{"rendered":"https:\/\/mobilia.fi\/fi\/?post_type=ajde_events&#038;p=17486"},"modified":"2026-09-05T11:07:40","modified_gmt":"2026-09-05T08:07:40","slug":"mobilian-jouluiset-kahvilalounaat-2026","status":"publish","type":"ajde_events","link":"https:\/\/mobilia.fi\/fi\/tapahtuma\/mobilian-jouluiset-kahvilalounaat-2026\/","title":{"rendered":"Mobilian jouluiset kahvilalounaat 2026"},"content":{"rendered":"<p><strong>Joululounas tiistaista torstaihin 15.\u201317.12.<\/strong><br \/>\nKatetaan Talonpojan saliin buffa ja varaukset sinne, ilman varausta ruokailu kahvilassa. Ei tavallista lounasta tarjolla n\u00e4in\u00e4 p\u00e4ivin\u00e4. Jos varauksia enemm\u00e4n ja isompia ryhmi\u00e4 niin laitetaan lis\u00e4tilaa aukiolle.<br \/>\nJoululounas noutop\u00f6yd\u00e4st\u00e4<br \/>\nVihersalaattia, p\u00e4\u00e4ryn\u00e4\u00e4, p\u00e4hkin\u00f6it\u00e4 ja puolukkavinaigrettea VEG, G<br \/>\nKvinoa-granaattiomenasalaattia VEG, G<br \/>\nRosolli paahdetuista juureksista ja punajuurikermaa L, G<br \/>\nL\u00e4mminsavulohi-perunasalaattia L, G<br \/>\nSinappisilli\u00e4 ja katajanmarjasilakoita L, G<br \/>\nPaahdettua myskikurpitsaa ja pinjansiemeni\u00e4 VEG, G<br \/>\nSaaristolaisleip\u00e4\u00e4 ja voita L<\/p>\n<p>Joulukinkkua ja talon sinappia L, G<br \/>\nLihapullia ja kermakastiketta L, G<br \/>\nMets\u00e4sieniohrapaistos VEG, G<br \/>\nPeruna-, porkkana- ja lanttulaatikkoa L, G<br \/>\nKaramellisoituja uunijuureksia ja timjamia VEG, G<br \/>\nKeitettyj\u00e4 perunoita<\/p>\n<p>Vaniljapannacotta ja t\u00e4htianiksella maustettuja karpaloita L, G<br \/>\nPipareita<br \/>\nKahvi ja tee<\/p>\n<p>Joululounas 21,90 \u20ac\/hl\u00f6<\/p>\n<p>&nbsp;<\/p>\n<p>Iltatilaisuuksiin, joihin halutaan jouluruokaa:<\/p>\n<p><strong>Joulubuffet noutop\u00f6yd\u00e4st\u00e4<\/strong><\/p>\n<p>Alkuun l\u00e4mmin omenagl\u00f6gi<\/p>\n<p>Vihersalaattia, p\u00e4\u00e4ryn\u00e4\u00e4, p\u00e4hkin\u00f6it\u00e4 ja puolukkavinaigrettea VEG, G<br \/>\nRosolli paahdetuista juureksista ja punajuurikermaa L, G<br \/>\nL\u00e4mminsavulohi-perunasalaattia L, G<br \/>\nSinappisilli\u00e4 ja katajanmarjasilakoita L, G<br \/>\nPaahdettua myskikurpitsaa ja pinjansiemeni\u00e4 VEG, G<br \/>\nSaaristolaisleip\u00e4\u00e4 ja voita L<\/p>\n<p>Joulukinkkua ja talon sinappia L, G<br \/>\nLihapullia ja kermakastiketta L, G<br \/>\nPeruna-, porkkana- ja lanttulaatikkoa L, G<br \/>\nKaramellisoituja uunijuureksi ja timjamia VEG, G<br \/>\nKeitettyj\u00e4 perunoita VEG, G<\/p>\n<p>Vaniljapannacotta ja t\u00e4htianiksella maustettuja karpaloita L, G<br \/>\nPipareita L<br \/>\nKahvi\/ tee<\/p>\n<p>Menun hinta 32,50<\/p>\n<p>Mobilia ravintolan yhteystiedot:<br \/>\npuh. 045 783 47770<br \/>\nravintola@mobilia.fi<\/p>\n<p>&nbsp;<\/p>\n","protected":false},"author":6,"featured_media":15921,"menu_order":0,"comment_status":"closed","ping_status":"closed","template":"","meta":{"_acf_changed":false,"inline_featured_image":false},"tags":[],"event_type":[],"event_type_2":[],"class_list":["post-17486","ajde_events","type-ajde_events","status-publish","has-post-thumbnail","hentry"],"acf":[],"_links":{"self":[{"href":"https:\/\/mobilia.fi\/fi\/wp-json\/wp\/v2\/ajde_events\/17486","targetHints":{"allow":["GET"]}}],"collection":[{"href":"https:\/\/mobilia.fi\/fi\/wp-json\/wp\/v2\/ajde_events"}],"about":[{"href":"https:\/\/mobilia.fi\/fi\/wp-json\/wp\/v2\/types\/ajde_events"}],"author":[{"embeddable":true,"href":"https:\/\/mobilia.fi\/fi\/wp-json\/wp\/v2\/users\/6"}],"replies":[{"embeddable":true,"href":"https:\/\/mobilia.fi\/fi\/wp-json\/wp\/v2\/comments?post=17486"}],"version-history":[{"count":2,"href":"https:\/\/mobilia.fi\/fi\/wp-json\/wp\/v2\/ajde_events\/17486\/revisions"}],"predecessor-version":[{"id":17488,"href":"https:\/\/mobilia.fi\/fi\/wp-json\/wp\/v2\/ajde_events\/17486\/revisions\/17488"}],"wp:featuredmedia":[{"embeddable":true,"href":"https:\/\/mobilia.fi\/fi\/wp-json\/wp\/v2\/media\/15921"}],"wp:attachment":[{"href":"https:\/\/mobilia.fi\/fi\/wp-json\/wp\/v2\/media?parent=17486"}],"wp:term":[{"taxonomy":"post_tag","embeddable":true,"href":"https:\/\/mobilia.fi\/fi\/wp-json\/wp\/v2\/tags?post=17486"},{"taxonomy":"event_type","embeddable":true,"href":"https:\/\/mobilia.fi\/fi\/wp-json\/wp\/v2\/event_type?post=17486"},{"taxonomy":"event_type_2","embeddable":true,"href":"https:\/\/mobilia.fi\/fi\/wp-json\/wp\/v2\/event_type_2?post=17486"}],"curies":[{"name":"wp","href":"https:\/\/api.w.org\/{rel}","templated":true}]}}

<p><strong>Joululounas tiistaista torstaihin 15.–17.12.</strong><br />
Katetaan Talonpojan saliin buffa ja varaukset sinne, ilman varausta ruokailu kahvilassa. Ei tavallista lounasta tarjolla näinä päivinä. Jos varauksia enemmän ja isompia ryhmiä niin laitetaan lisätilaa aukiolle.<br />
Joululounas noutopöydästä<br />
Vihersalaattia, päärynää, pähkinöitä ja puolukkavinaigrettea VEG, G<br />
Kvinoa-granaattiomenasalaattia VEG, G<br />
Rosolli paahdetuista juureksista ja punajuurikermaa L, G<br />
Lämminsavulohi-perunasalaattia L, G<br />
Sinappisilliä ja katajanmarjasilakoita L, G<br />
Paahdettua myskikurpitsaa ja pinjansiemeniä VEG, G<br />
Saaristolaisleipää ja voita L</p>
<p>Joulukinkkua ja talon sinappia L, G<br />
Lihapullia ja kermakastiketta L, G<br />
Metsäsieniohrapaistos VEG, G<br />
Peruna-, porkkana- ja lanttulaatikkoa L, G<br />
Karamellisoituja uunijuureksia ja timjamia VEG, G<br />
Keitettyjä perunoita</p>
<p>Vaniljapannacotta ja tähtianiksella maustettuja karpaloita L, G<br />
Pipareita<br />
Kahvi ja tee</p>
<p>Joululounas 21,90 €/hlö</p>
<p>&nbsp;</p>
<p>Iltatilaisuuksiin, joihin halutaan jouluruokaa:</p>
<p><strong>Joulubuffet noutopöydästä</strong></p>
<p>Alkuun lämmin omenaglögi</p>
<p>Vihersalaattia, päärynää, pähkinöitä ja puolukkavinaigrettea VEG, G<br />
Rosolli paahdetuista juureksista ja punajuurikermaa L, G<br />
Lämminsavulohi-perunasalaattia L, G<br />
Sinappisilliä ja katajanmarjasilakoita L, G<br />
Paahdettua myskikurpitsaa ja pinjansiemeniä VEG, G<br />
Saaristolaisleipää ja voita L</p>
<p>Joulukinkkua ja talon sinappia L, G<br />
Lihapullia ja kermakastiketta L, G<br />
Peruna-, porkkana- ja lanttulaatikkoa L, G<br />
Karamellisoituja uunijuureksi ja timjamia VEG, G<br />
Keitettyjä perunoita VEG, G</p>
<p>Vaniljapannacotta ja tähtianiksella maustettuja karpaloita L, G<br />
Pipareita L<br />
Kahvi/ tee</p>
<p>Menun hinta 32,50</p>
<p>Mobilia ravintolan yhteystiedot:<br />
puh. 045 783 47770<br />
ravintola@mobilia.fi</p>
<p>&nbsp;</p>
