{"id":190,"date":"2020-03-27T08:33:44","date_gmt":"2020-03-27T06:33:44","guid":{"rendered":"https:\/\/mobilia.fi\/tapahtumat\/classic-motorshow-2019-lahti\/"},"modified":"2020-03-27T08:33:44","modified_gmt":"2020-03-27T06:33:44","slug":"classic-motorshow-2019-lahti","status":"publish","type":"ajde_events","link":"https:\/\/mobilia.fi\/fi\/tapahtuma\/classic-motorshow-2019-lahti\/","title":{"rendered":"Classic Motorshow 2019, Lahti"},"content":{"rendered":"<p><p>Mobilia on mukana Classic Motorshow\u2019ssa. N\u00e4hd\u00e4\u00e4n messuilla!<\/p>\n<p>Classic Motorshow on Suomen suurin klassikkoajoneuvon\u00e4yttely. N\u00e4ht\u00e4vill\u00e4 on satoja menneiden vuosikymmenten klassikoita ja arkip\u00e4iv\u00e4n nostalgiaa, alan asiantuntijoita, merkkikerhoja, kauppiaita, kunnostajia, oheisohjelmaa ym.<\/p>\n<p><a href=\"http:\/\/classicmotorshow.fi\" target=\"_blank\" rel=\"noopener noreferrer\">http:\/\/classicmotorshow.fi<\/a><\/p><\/p>\n","protected":false},"author":1,"featured_media":191,"menu_order":0,"comment_status":"open","ping_status":"closed","template":"","meta":{"_acf_changed":false,"inline_featured_image":false},"tags":[],"event_type":[],"event_type_2":[],"class_list":["post-190","ajde_events","type-ajde_events","status-publish","has-post-thumbnail","hentry"],"acf":[],"_links":{"self":[{"href":"https:\/\/mobilia.fi\/fi\/wp-json\/wp\/v2\/ajde_events\/190","targetHints":{"allow":["GET"]}}],"collection":[{"href":"https:\/\/mobilia.fi\/fi\/wp-json\/wp\/v2\/ajde_events"}],"about":[{"href":"https:\/\/mobilia.fi\/fi\/wp-json\/wp\/v2\/types\/ajde_events"}],"author":[{"embeddable":true,"href":"https:\/\/mobilia.fi\/fi\/wp-json\/wp\/v2\/users\/1"}],"replies":[{"embeddable":true,"href":"https:\/\/mobilia.fi\/fi\/wp-json\/wp\/v2\/comments?post=190"}],"version-history":[{"count":0,"href":"https:\/\/mobilia.fi\/fi\/wp-json\/wp\/v2\/ajde_events\/190\/revisions"}],"wp:featuredmedia":[{"embeddable":true,"href":"https:\/\/mobilia.fi\/fi\/wp-json\/wp\/v2\/media\/191"}],"wp:attachment":[{"href":"https:\/\/mobilia.fi\/fi\/wp-json\/wp\/v2\/media?parent=190"}],"wp:term":[{"taxonomy":"post_tag","embeddable":true,"href":"https:\/\/mobilia.fi\/fi\/wp-json\/wp\/v2\/tags?post=190"},{"taxonomy":"event_type","embeddable":true,"href":"https:\/\/mobilia.fi\/fi\/wp-json\/wp\/v2\/event_type?post=190"},{"taxonomy":"event_type_2","embeddable":true,"href":"https:\/\/mobilia.fi\/fi\/wp-json\/wp\/v2\/event_type_2?post=190"}],"curies":[{"name":"wp","href":"https:\/\/api.w.org\/{rel}","templated":true}]}}

<p><p>Mobilia on mukana Classic Motorshow’ssa. Nähdään messuilla!</p>
<p>Classic Motorshow on Suomen suurin klassikkoajoneuvonäyttely. Nähtävillä on satoja menneiden vuosikymmenten klassikoita ja arkipäivän nostalgiaa, alan asiantuntijoita, merkkikerhoja, kauppiaita, kunnostajia, oheisohjelmaa ym.</p>
<p><a href="http://classicmotorshow.fi" target="_blank" rel="noopener noreferrer">http://classicmotorshow.fi</a></p></p>
