{"id":6938,"date":"2022-06-07T09:25:10","date_gmt":"2022-06-07T06:25:10","guid":{"rendered":"https:\/\/mobilia.fi\/?post_type=nayttely&#038;p=6938"},"modified":"2024-01-17T13:12:15","modified_gmt":"2024-01-17T11:12:15","slug":"rahtarit","status":"publish","type":"nayttely","link":"https:\/\/mobilia.fi\/fi\/nayttely\/rahtarit\/","title":{"rendered":"Tuhansia t\u00f6it\u00e4, valvottuja \u00f6it\u00e4 &#8211; Rahtarit 50 vuotta"},"content":{"rendered":"\t\t<div data-elementor-type=\"wp-post\" data-elementor-id=\"6938\" class=\"elementor elementor-6938\" data-elementor-post-type=\"nayttely\">\n\t\t\t\t\t\t<section class=\"elementor-section elementor-top-section elementor-element elementor-element-14c7315 elementor-section-height-min-height elementor-section-boxed elementor-section-height-default elementor-section-items-middle\" data-id=\"14c7315\" data-element_type=\"section\" data-e-type=\"section\" data-settings=\"{&quot;background_background&quot;:&quot;classic&quot;}\">\n\t\t\t\t\t\t\t<div class=\"elementor-background-overlay\"><\/div>\n\t\t\t\t\t\t\t<div class=\"elementor-container elementor-column-gap-default\">\n\t\t\t\t\t<div class=\"elementor-column elementor-col-100 elementor-top-column elementor-element elementor-element-c43d349\" data-id=\"c43d349\" data-element_type=\"column\" data-e-type=\"column\">\n\t\t\t<div class=\"elementor-widget-wrap elementor-element-populated\">\n\t\t\t\t\t\t<div class=\"elementor-element elementor-element-7b85757 elementor-widget elementor-widget-text-editor\" data-id=\"7b85757\" data-element_type=\"widget\" data-e-type=\"widget\" data-widget_type=\"text-editor.default\">\n\t\t\t\t<div class=\"elementor-widget-container\">\n\t\t\t\t\t\t\t\t\t<h1>Tuhansia t\u00f6it\u00e4, valvottuja \u00f6it\u00e4<\/h1><div>Rahtarit ry kuljettajien tukena 50 vuotta<\/div>\t\t\t\t\t\t\t\t<\/div>\n\t\t\t\t<\/div>\n\t\t\t\t\t<\/div>\n\t\t<\/div>\n\t\t\t\t\t<\/div>\n\t\t<\/section>\n\t\t\t\t<section class=\"elementor-section elementor-top-section elementor-element elementor-element-2449fe2 elementor-section-boxed elementor-section-height-default elementor-section-height-default\" data-id=\"2449fe2\" data-element_type=\"section\" data-e-type=\"section\">\n\t\t\t\t\t\t<div class=\"elementor-container elementor-column-gap-default\">\n\t\t\t\t\t<div class=\"elementor-column elementor-col-50 elementor-top-column elementor-element elementor-element-88de9ca\" data-id=\"88de9ca\" data-element_type=\"column\" data-e-type=\"column\">\n\t\t\t<div class=\"elementor-widget-wrap elementor-element-populated\">\n\t\t\t\t\t\t<div class=\"elementor-element elementor-element-3e8d5b8 elementor-widget elementor-widget-text-editor\" data-id=\"3e8d5b8\" data-element_type=\"widget\" data-e-type=\"widget\" data-widget_type=\"text-editor.default\">\n\t\t\t\t<div class=\"elementor-widget-container\">\n\t\t\t\t\t\t\t\t\t<p>Tuhansia t\u00f6it\u00e4, valvottuja \u00f6it\u00e4 -n\u00e4yttely kertoi ammattikuljettajien ty\u00f6n muutoksista ja Rahtarit ry:n toiminnasta. N\u00e4yttelyss\u00e4 oli esill\u00e4 ajoneuvoja 1960-luvulta 2000-luvulle.\u00a0<\/p><p>N\u00e4yttely oli ammattikuljettajien etuja ajamaan perustetun Rahtarit ry:n 50-vuotisjuhlan\u00e4yttely. Yhdistyksen perustamiseen vaikutti ammattikuljettajien huonot olosuhteet laivamatkojen aikana. N\u00e4yttelyss\u00e4 voikin tutustua millaisessa laivan hytiss\u00e4 kuljettajat joutuivat nukkumaan ennen Rahtarit ry:n perustamista. Lis\u00e4ksi esill\u00e4 oli muun muassa videomateriaalia yhdistyksen j\u00e4rjest\u00e4m\u00e4st\u00e4 Suomen Mestaruus ajotaitokilpailusta.<\/p><p>N\u00e4yttelyss\u00e4 selvisi muun muassa se, mit\u00e4 ammattikuljettajat toivovat jokaisen tiell\u00e4 liikkujan huomioivan kohdatessaan raskaan ajoneuvon. Liikenneturvallisuuteen museovieras p\u00e4\u00e4si tutustumaan k\u00e4yt\u00e4nn\u00f6nl\u00e4heisesti kiipe\u00e4m\u00e4ll\u00e4 rekannuppiin testaamaan, miss\u00e4 ovat katvealueet.<\/p><p><em>Tuhansia t\u00f6it\u00e4, valvottuja \u00f6it\u00e4 oli n\u00e4ht\u00e4vill\u00e4 Mobiliassa 11.3.\u201317.12.2023.<\/em><\/p>\t\t\t\t\t\t\t\t<\/div>\n\t\t\t\t<\/div>\n\t\t\t\t\t<\/div>\n\t\t<\/div>\n\t\t\t\t<div class=\"elementor-column elementor-col-50 elementor-top-column elementor-element elementor-element-3481ab7\" data-id=\"3481ab7\" data-element_type=\"column\" data-e-type=\"column\">\n\t\t\t<div class=\"elementor-widget-wrap elementor-element-populated\">\n\t\t\t\t\t\t<div class=\"elementor-element elementor-element-03daee7 elementor-widget elementor-widget-image\" data-id=\"03daee7\" data-element_type=\"widget\" data-e-type=\"widget\" data-widget_type=\"image.default\">\n\t\t\t\t<div class=\"elementor-widget-container\">\n\t\t\t\t\t\t\t\t\t\t\t\t\t\t\t<img fetchpriority=\"high\" decoding=\"async\" width=\"800\" height=\"420\" src=\"https:\/\/mobilia.fi\/wp-content\/uploads\/2022\/06\/ttvo_tunnus_banner_1200x630_1-1024x538.jpg\" class=\"attachment-large size-large wp-image-8862\" alt=\"Logossa musta piirretty kuva vanhasta nokkakuorma-autosta, jonka kontin kyljess\u00e4 teksti Rahtarit. Auton ymp\u00e4rill\u00e4 kolme oranssia ihmishahmoa, joista yksi nojaa auton oveen. Alla sininen teksti tuhansia t\u00f6it\u00e4, valvottuja \u00f6it\u00e4 ja sen alla pienemm\u00e4ll\u00e4 fontilla oranssi teksti Rahtarit ry kuljettajien tukena 50 vuotta.\" srcset=\"https:\/\/mobilia.fi\/wp-content\/uploads\/2022\/06\/ttvo_tunnus_banner_1200x630_1-1024x538.jpg 1024w, https:\/\/mobilia.fi\/wp-content\/uploads\/2022\/06\/ttvo_tunnus_banner_1200x630_1-300x158.jpg 300w, https:\/\/mobilia.fi\/wp-content\/uploads\/2022\/06\/ttvo_tunnus_banner_1200x630_1-768x403.jpg 768w, https:\/\/mobilia.fi\/wp-content\/uploads\/2022\/06\/ttvo_tunnus_banner_1200x630_1.jpg 1200w\" sizes=\"(max-width: 800px) 100vw, 800px\" \/>\t\t\t\t\t\t\t\t\t\t\t\t\t\t\t<\/div>\n\t\t\t\t<\/div>\n\t\t\t\t\t<\/div>\n\t\t<\/div>\n\t\t\t\t\t<\/div>\n\t\t<\/section>\n\t\t\t\t<\/div>\n\t\t","protected":false},"excerpt":{"rendered":"<p>Tuhansia t\u00f6it\u00e4, valvottuja \u00f6it\u00e4 Rahtarit ry kuljettajien tukena 50 vuotta Tuhansia t\u00f6it\u00e4, valvottuja \u00f6it\u00e4 -n\u00e4yttely kertoi ammattikuljettajien ty\u00f6n muutoksista ja Rahtarit ry:n toiminnasta. N\u00e4yttelyss\u00e4 oli esill\u00e4 ajoneuvoja 1960-luvulta 2000-luvulle.\u00a0 N\u00e4yttely oli ammattikuljettajien etuja ajamaan perustetun Rahtarit ry:n 50-vuotisjuhlan\u00e4yttely. Yhdistyksen perustamiseen vaikutti ammattikuljettajien huonot olosuhteet laivamatkojen aikana. N\u00e4yttelyss\u00e4 voikin tutustua millaisessa laivan hytiss\u00e4 kuljettajat joutuivat nukkumaan [&hellip;]<\/p>\n","protected":false},"featured_media":6932,"parent":0,"menu_order":0,"template":"","nayttely_tax":[15],"class_list":["post-6938","nayttely","type-nayttely","status-publish","has-post-thumbnail","hentry","nayttely_tax-menneet"],"acf":[],"_links":{"self":[{"href":"https:\/\/mobilia.fi\/fi\/wp-json\/wp\/v2\/nayttely\/6938","targetHints":{"allow":["GET"]}}],"collection":[{"href":"https:\/\/mobilia.fi\/fi\/wp-json\/wp\/v2\/nayttely"}],"about":[{"href":"https:\/\/mobilia.fi\/fi\/wp-json\/wp\/v2\/types\/nayttely"}],"version-history":[{"count":3,"href":"https:\/\/mobilia.fi\/fi\/wp-json\/wp\/v2\/nayttely\/6938\/revisions"}],"predecessor-version":[{"id":11960,"href":"https:\/\/mobilia.fi\/fi\/wp-json\/wp\/v2\/nayttely\/6938\/revisions\/11960"}],"wp:featuredmedia":[{"embeddable":true,"href":"https:\/\/mobilia.fi\/fi\/wp-json\/wp\/v2\/media\/6932"}],"wp:attachment":[{"href":"https:\/\/mobilia.fi\/fi\/wp-json\/wp\/v2\/media?parent=6938"}],"wp:term":[{"taxonomy":"nayttely_tax","embeddable":true,"href":"https:\/\/mobilia.fi\/fi\/wp-json\/wp\/v2\/nayttely_tax?post=6938"}],"curies":[{"name":"wp","href":"https:\/\/api.w.org\/{rel}","templated":true}]}}

Tuhansia töitä, valvottuja öitä &#8211; Rahtarit 50 vuotta

<div data-elementor-type="wp-post" data-elementor-id="6938" class="elementor elementor-6938" data-elementor-post-type="nayttely">
						<section class="elementor-section elementor-top-section elementor-element elementor-element-14c7315 elementor-section-height-min-height elementor-section-boxed elementor-section-height-default elementor-section-items-middle" data-id="14c7315" data-element_type="section" data-e-type="section" data-settings="{&quot;background_background&quot;:&quot;classic&quot;}">
							<div class="elementor-background-overlay"></div>
							<div class="elementor-container elementor-column-gap-default">
					<div class="elementor-column elementor-col-100 elementor-top-column elementor-element elementor-element-c43d349" data-id="c43d349" data-element_type="column" data-e-type="column">
			<div class="elementor-widget-wrap elementor-element-populated">
						<div class="elementor-element elementor-element-7b85757 elementor-widget elementor-widget-text-editor" data-id="7b85757" data-element_type="widget" data-e-type="widget" data-widget_type="text-editor.default">
				<div class="elementor-widget-container">
									<h1>Tuhansia töitä, valvottuja öitä</h1><div>Rahtarit ry kuljettajien tukena 50 vuotta</div>								</div>
				</div>
					</div>
		</div>
					</div>
		</section>
				<section class="elementor-section elementor-top-section elementor-element elementor-element-2449fe2 elementor-section-boxed elementor-section-height-default elementor-section-height-default" data-id="2449fe2" data-element_type="section" data-e-type="section">
						<div class="elementor-container elementor-column-gap-default">
					<div class="elementor-column elementor-col-50 elementor-top-column elementor-element elementor-element-88de9ca" data-id="88de9ca" data-element_type="column" data-e-type="column">
			<div class="elementor-widget-wrap elementor-element-populated">
						<div class="elementor-element elementor-element-3e8d5b8 elementor-widget elementor-widget-text-editor" data-id="3e8d5b8" data-element_type="widget" data-e-type="widget" data-widget_type="text-editor.default">
				<div class="elementor-widget-container">
									<p>Tuhansia töitä, valvottuja öitä -näyttely kertoi ammattikuljettajien työn muutoksista ja Rahtarit ry:n toiminnasta. Näyttelyssä oli esillä ajoneuvoja 1960-luvulta 2000-luvulle. </p><p>Näyttely oli ammattikuljettajien etuja ajamaan perustetun Rahtarit ry:n 50-vuotisjuhlanäyttely. Yhdistyksen perustamiseen vaikutti ammattikuljettajien huonot olosuhteet laivamatkojen aikana. Näyttelyssä voikin tutustua millaisessa laivan hytissä kuljettajat joutuivat nukkumaan ennen Rahtarit ry:n perustamista. Lisäksi esillä oli muun muassa videomateriaalia yhdistyksen järjestämästä Suomen Mestaruus ajotaitokilpailusta.</p><p>Näyttelyssä selvisi muun muassa se, mitä ammattikuljettajat toivovat jokaisen tiellä liikkujan huomioivan kohdatessaan raskaan ajoneuvon. Liikenneturvallisuuteen museovieras pääsi tutustumaan käytännönläheisesti kiipeämällä rekannuppiin testaamaan, missä ovat katvealueet.</p><p><em>Tuhansia töitä, valvottuja öitä oli nähtävillä Mobiliassa 11.3.–17.12.2023.</em></p>								</div>
				</div>
					</div>
		</div>
				<div class="elementor-column elementor-col-50 elementor-top-column elementor-element elementor-element-3481ab7" data-id="3481ab7" data-element_type="column" data-e-type="column">
			<div class="elementor-widget-wrap elementor-element-populated">
						<div class="elementor-element elementor-element-03daee7 elementor-widget elementor-widget-image" data-id="03daee7" data-element_type="widget" data-e-type="widget" data-widget_type="image.default">
				<div class="elementor-widget-container">
															<img fetchpriority="high" decoding="async" width="800" height="420" src="https://mobilia.fi/wp-content/uploads/2022/06/ttvo_tunnus_banner_1200x630_1-1024x538.jpg" class="attachment-large size-large wp-image-8862" alt="Logossa musta piirretty kuva vanhasta nokkakuorma-autosta, jonka kontin kyljessä teksti Rahtarit. Auton ympärillä kolme oranssia ihmishahmoa, joista yksi nojaa auton oveen. Alla sininen teksti tuhansia töitä, valvottuja öitä ja sen alla pienemmällä fontilla oranssi teksti Rahtarit ry kuljettajien tukena 50 vuotta." srcset="https://mobilia.fi/wp-content/uploads/2022/06/ttvo_tunnus_banner_1200x630_1-1024x538.jpg 1024w, https://mobilia.fi/wp-content/uploads/2022/06/ttvo_tunnus_banner_1200x630_1-300x158.jpg 300w, https://mobilia.fi/wp-content/uploads/2022/06/ttvo_tunnus_banner_1200x630_1-768x403.jpg 768w, https://mobilia.fi/wp-content/uploads/2022/06/ttvo_tunnus_banner_1200x630_1.jpg 1200w" sizes="(max-width: 800px) 100vw, 800px" />															</div>
				</div>
					</div>
		</div>
					</div>
		</section>
				</div>

<p>Tuhansia töitä, valvottuja öitä Rahtarit ry kuljettajien tukena 50 vuotta Tuhansia töitä, valvottuja öitä -näyttely kertoi ammattikuljettajien työn muutoksista ja Rahtarit ry:n toiminnasta. Näyttelyssä oli esillä ajoneuvoja 1960-luvulta 2000-luvulle.  Näyttely oli ammattikuljettajien etuja ajamaan perustetun Rahtarit ry:n 50-vuotisjuhlanäyttely. Yhdistyksen perustamiseen vaikutti ammattikuljettajien huonot olosuhteet laivamatkojen aikana. Näyttelyssä voikin tutustua millaisessa laivan hytissä kuljettajat joutuivat nukkumaan [&hellip;]</p>
