{"id":1730,"date":"2020-10-27T12:41:47","date_gmt":"2020-10-27T10:41:47","guid":{"rendered":"https:\/\/mobilia.fi\/?page_id=1730"},"modified":"2021-02-03T14:52:18","modified_gmt":"2021-02-03T12:52:18","slug":"asiantuntijalautakunta","status":"publish","type":"page","link":"https:\/\/mobilia.fi\/fi\/museo\/suomalainen-ajoneuvohistoria\/perinneajoneuvorekisteri\/asiantuntijalautakunta\/","title":{"rendered":"Asiantuntijalautakunta"},"content":{"rendered":"\t\t<div data-elementor-type=\"wp-page\" data-elementor-id=\"1730\" class=\"elementor elementor-1730\" data-elementor-post-type=\"page\">\n\t\t\t\t\t\t<section class=\"elementor-section elementor-top-section elementor-element elementor-element-4096226c elementor-section-height-min-height elementor-section-boxed elementor-section-height-default elementor-section-items-middle\" data-id=\"4096226c\" data-element_type=\"section\" data-e-type=\"section\" data-settings=\"{&quot;background_background&quot;:&quot;classic&quot;}\">\n\t\t\t\t\t\t\t<div class=\"elementor-background-overlay\"><\/div>\n\t\t\t\t\t\t\t<div class=\"elementor-container elementor-column-gap-default\">\n\t\t\t\t\t<div class=\"elementor-column elementor-col-100 elementor-top-column elementor-element elementor-element-4839aeab\" data-id=\"4839aeab\" data-element_type=\"column\" data-e-type=\"column\">\n\t\t\t<div class=\"elementor-widget-wrap elementor-element-populated\">\n\t\t\t\t\t\t<div class=\"elementor-element elementor-element-391cdba3 elementor-widget elementor-widget-text-editor\" data-id=\"391cdba3\" data-element_type=\"widget\" data-e-type=\"widget\" data-widget_type=\"text-editor.default\">\n\t\t\t\t<div class=\"elementor-widget-container\">\n\t\t\t\t\t\t\t\t\t<h1>Asiantuntijalautakunta<\/h1><p>\u00a0<\/p>\t\t\t\t\t\t\t\t<\/div>\n\t\t\t\t<\/div>\n\t\t\t\t\t<\/div>\n\t\t<\/div>\n\t\t\t\t\t<\/div>\n\t\t<\/section>\n\t\t\t\t<section class=\"elementor-section elementor-top-section elementor-element elementor-element-d4722ff elementor-section-boxed elementor-section-height-default elementor-section-height-default\" data-id=\"d4722ff\" data-element_type=\"section\" data-e-type=\"section\">\n\t\t\t\t\t\t<div class=\"elementor-container elementor-column-gap-default\">\n\t\t\t\t\t<div class=\"elementor-column elementor-col-100 elementor-top-column elementor-element elementor-element-44fe889\" data-id=\"44fe889\" data-element_type=\"column\" data-e-type=\"column\">\n\t\t\t<div class=\"elementor-widget-wrap elementor-element-populated\">\n\t\t\t\t\t\t<div class=\"elementor-element elementor-element-8449678 elementor-widget elementor-widget-text-editor\" data-id=\"8449678\" data-element_type=\"widget\" data-e-type=\"widget\" data-widget_type=\"text-editor.default\">\n\t\t\t\t<div class=\"elementor-widget-container\">\n\t\t\t\t\t\t\t\t\t<p>Mobilia asettaa j\u00e4senyhteis\u00f6jen esityksest\u00e4 kolmeksi vuodeksi kerrallaan perinneajoneuvorekisterin asiantuntijalautakunnan, joka tekee esityksi\u00e4 ajoneuvojen arvoluokittamiseksi ja hyv\u00e4ksymiseksi perinneajoneuvorekisteriin, antaa lausuntoja harkinnanvaraisen kohteen s\u00e4ilymist\u00e4 varmistavan taloudellisen tuen my\u00f6nt\u00e4miseksi ja suorittaa muita Mobilian lautakunnalle osoittamia asiantuntijateht\u00e4vi\u00e4.<\/p><p>Asiantuntijalautakuntaan kuuluu Mobilian nime\u00e4m\u00e4 puheenjohtaja ja sihteeri sek\u00e4 edustaja seuraavista nelj\u00e4st\u00e4toista j\u00e4senyhteis\u00f6st\u00e4:<\/p><p><a href=\"https:\/\/www.autourheilu.fi\/\" target=\"_blank\" rel=\"noopener\">AKK-Motorsport RY<\/a><\/p><p><a href=\"https:\/\/www.autohistoriallinenseura.fi\/\" target=\"_blank\" rel=\"noopener\">Autohistoriallinen Seura ry<\/a><\/p><p>Automuseoiden neuvottelukunnan ajoneuvomuseot<\/p><p><a href=\"https:\/\/www.fhra.fi\/\" target=\"_blank\" rel=\"noopener\">FHRA ry<\/a><\/p><p><a href=\"https:\/\/www.traficom.fi\/fi\/\" target=\"_blank\" rel=\"noopener\">Liikenne- ja viestint\u00e4virasto Traficom<\/a><\/p><p><a href=\"https:\/\/www.metropolia.fi\/fi\" target=\"_blank\" rel=\"noopener\">Metropolia ammattikorkeakoulu<\/a><\/p><p><a href=\"https:\/\/www.museovirasto.fi\/fi\/\" target=\"_blank\" rel=\"noopener\">Museovirasto<\/a><\/p><p><a href=\"http:\/\/www.sahk.fi\/\" target=\"_blank\" rel=\"noopener\">Suomen ajoneuvohistoriallinen keskusliitto<\/a><\/p><p><a href=\"http:\/\/www.bussidata.fi\/slah\/index.html\" target=\"_blank\" rel=\"noopener\">Suomen Linja-autoharrastajat r.y.<\/a><\/p><p><a href=\"http:\/\/www.slhs.fi\/\" target=\"_blank\" rel=\"noopener\">Suomen Linja-autohistoriallinen Seura<\/a><\/p><p>Suomen maarakennuskoneiden liitto ry<\/p><p><a href=\"https:\/\/vanhatvelot.weebly.com\/\" target=\"_blank\" rel=\"noopener\">Vanhat Velot Ry.<\/a><\/p><p><a href=\"https:\/\/www.vetku.fi\/\" target=\"_blank\" rel=\"noopener\">Veteraanikuorma-autoseura ry<\/a><\/p><p><a href=\"https:\/\/www.vmpk.fi\/\" target=\"_blank\" rel=\"noopener\">Veteraanimoottoripy\u00f6r\u00e4klubi ry<\/a><\/p><p>Asiantuntijalautakunta voi t\u00e4ydent\u00e4\u00e4 itse\u00e4\u00e4n. Lautakunnasta voi erota ilmoituksella. Mik\u00e4li lautakunnan j\u00e4senyhteis\u00f6 lopettaa toimintansa ja\/tai tulee toimintakyvytt\u00f6m\u00e4ksi, lautakunta voi todeta j\u00e4senyhteis\u00f6n eronneen. Mobilia vahvistaa asiantuntijalautakunnan teht\u00e4v\u00e4t nimityksen yhteydess\u00e4.<\/p>\t\t\t\t\t\t\t\t<\/div>\n\t\t\t\t<\/div>\n\t\t\t\t\t<\/div>\n\t\t<\/div>\n\t\t\t\t\t<\/div>\n\t\t<\/section>\n\t\t\t\t<section class=\"elementor-section elementor-top-section elementor-element elementor-element-6305b92 elementor-section-boxed elementor-section-height-default elementor-section-height-default\" data-id=\"6305b92\" data-element_type=\"section\" data-e-type=\"section\">\n\t\t\t\t\t\t<div class=\"elementor-container elementor-column-gap-default\">\n\t\t\t\t\t<div class=\"elementor-column elementor-col-100 elementor-top-column elementor-element elementor-element-0732ae1\" data-id=\"0732ae1\" data-element_type=\"column\" data-e-type=\"column\">\n\t\t\t<div class=\"elementor-widget-wrap elementor-element-populated\">\n\t\t\t\t\t\t\t<\/div>\n\t\t<\/div>\n\t\t\t\t\t<\/div>\n\t\t<\/section>\n\t\t\t\t<section class=\"elementor-section elementor-top-section elementor-element elementor-element-8fff67d elementor-section-boxed elementor-section-height-default elementor-section-height-default\" data-id=\"8fff67d\" data-element_type=\"section\" data-e-type=\"section\">\n\t\t\t\t\t\t<div class=\"elementor-container elementor-column-gap-default\">\n\t\t\t\t\t<div class=\"elementor-column elementor-col-100 elementor-top-column elementor-element elementor-element-7ea729e\" data-id=\"7ea729e\" data-element_type=\"column\" data-e-type=\"column\">\n\t\t\t<div class=\"elementor-widget-wrap\">\n\t\t\t\t\t\t\t<\/div>\n\t\t<\/div>\n\t\t\t\t\t<\/div>\n\t\t<\/section>\n\t\t\t\t<\/div>\n\t\t","protected":false},"excerpt":{"rendered":"<p>Asiantuntijalautakunta \u00a0 Mobilia asettaa j\u00e4senyhteis\u00f6jen esityksest\u00e4 kolmeksi vuodeksi kerrallaan perinneajoneuvorekisterin asiantuntijalautakunnan, joka tekee esityksi\u00e4 ajoneuvojen arvoluokittamiseksi ja hyv\u00e4ksymiseksi perinneajoneuvorekisteriin, antaa lausuntoja harkinnanvaraisen kohteen s\u00e4ilymist\u00e4 varmistavan taloudellisen tuen my\u00f6nt\u00e4miseksi ja suorittaa muita Mobilian lautakunnalle osoittamia asiantuntijateht\u00e4vi\u00e4. Asiantuntijalautakuntaan kuuluu Mobilian nime\u00e4m\u00e4 puheenjohtaja ja sihteeri sek\u00e4 edustaja seuraavista nelj\u00e4st\u00e4toista j\u00e4senyhteis\u00f6st\u00e4: AKK-Motorsport RY Autohistoriallinen Seura ry Automuseoiden neuvottelukunnan ajoneuvomuseot [&hellip;]<\/p>\n","protected":false},"author":3,"featured_media":74,"parent":1431,"menu_order":0,"comment_status":"closed","ping_status":"closed","template":"","meta":{"_acf_changed":false,"inline_featured_image":false,"footnotes":""},"class_list":["post-1730","page","type-page","status-publish","has-post-thumbnail","hentry"],"acf":[],"_links":{"self":[{"href":"https:\/\/mobilia.fi\/fi\/wp-json\/wp\/v2\/pages\/1730","targetHints":{"allow":["GET"]}}],"collection":[{"href":"https:\/\/mobilia.fi\/fi\/wp-json\/wp\/v2\/pages"}],"about":[{"href":"https:\/\/mobilia.fi\/fi\/wp-json\/wp\/v2\/types\/page"}],"author":[{"embeddable":true,"href":"https:\/\/mobilia.fi\/fi\/wp-json\/wp\/v2\/users\/3"}],"replies":[{"embeddable":true,"href":"https:\/\/mobilia.fi\/fi\/wp-json\/wp\/v2\/comments?post=1730"}],"version-history":[{"count":17,"href":"https:\/\/mobilia.fi\/fi\/wp-json\/wp\/v2\/pages\/1730\/revisions"}],"predecessor-version":[{"id":3791,"href":"https:\/\/mobilia.fi\/fi\/wp-json\/wp\/v2\/pages\/1730\/revisions\/3791"}],"up":[{"embeddable":true,"href":"https:\/\/mobilia.fi\/fi\/wp-json\/wp\/v2\/pages\/1431"}],"wp:featuredmedia":[{"embeddable":true,"href":"https:\/\/mobilia.fi\/fi\/wp-json\/wp\/v2\/media\/74"}],"wp:attachment":[{"href":"https:\/\/mobilia.fi\/fi\/wp-json\/wp\/v2\/media?parent=1730"}],"curies":[{"name":"wp","href":"https:\/\/api.w.org\/{rel}","templated":true}]}}

<div data-elementor-type="wp-page" data-elementor-id="1730" class="elementor elementor-1730" data-elementor-post-type="page">
						<section class="elementor-section elementor-top-section elementor-element elementor-element-4096226c elementor-section-height-min-height elementor-section-boxed elementor-section-height-default elementor-section-items-middle" data-id="4096226c" data-element_type="section" data-e-type="section" data-settings="{&quot;background_background&quot;:&quot;classic&quot;}">
							<div class="elementor-background-overlay"></div>
							<div class="elementor-container elementor-column-gap-default">
					<div class="elementor-column elementor-col-100 elementor-top-column elementor-element elementor-element-4839aeab" data-id="4839aeab" data-element_type="column" data-e-type="column">
			<div class="elementor-widget-wrap elementor-element-populated">
						<div class="elementor-element elementor-element-391cdba3 elementor-widget elementor-widget-text-editor" data-id="391cdba3" data-element_type="widget" data-e-type="widget" data-widget_type="text-editor.default">
				<div class="elementor-widget-container">
									<h1>Asiantuntijalautakunta</h1><p> </p>								</div>
				</div>
					</div>
		</div>
					</div>
		</section>
				<section class="elementor-section elementor-top-section elementor-element elementor-element-d4722ff elementor-section-boxed elementor-section-height-default elementor-section-height-default" data-id="d4722ff" data-element_type="section" data-e-type="section">
						<div class="elementor-container elementor-column-gap-default">
					<div class="elementor-column elementor-col-100 elementor-top-column elementor-element elementor-element-44fe889" data-id="44fe889" data-element_type="column" data-e-type="column">
			<div class="elementor-widget-wrap elementor-element-populated">
						<div class="elementor-element elementor-element-8449678 elementor-widget elementor-widget-text-editor" data-id="8449678" data-element_type="widget" data-e-type="widget" data-widget_type="text-editor.default">
				<div class="elementor-widget-container">
									<p>Mobilia asettaa jäsenyhteisöjen esityksestä kolmeksi vuodeksi kerrallaan perinneajoneuvorekisterin asiantuntijalautakunnan, joka tekee esityksiä ajoneuvojen arvoluokittamiseksi ja hyväksymiseksi perinneajoneuvorekisteriin, antaa lausuntoja harkinnanvaraisen kohteen säilymistä varmistavan taloudellisen tuen myöntämiseksi ja suorittaa muita Mobilian lautakunnalle osoittamia asiantuntijatehtäviä.</p><p>Asiantuntijalautakuntaan kuuluu Mobilian nimeämä puheenjohtaja ja sihteeri sekä edustaja seuraavista neljästätoista jäsenyhteisöstä:</p><p><a href="https://www.autourheilu.fi/" target="_blank" rel="noopener">AKK-Motorsport RY</a></p><p><a href="https://www.autohistoriallinenseura.fi/" target="_blank" rel="noopener">Autohistoriallinen Seura ry</a></p><p>Automuseoiden neuvottelukunnan ajoneuvomuseot</p><p><a href="https://www.fhra.fi/" target="_blank" rel="noopener">FHRA ry</a></p><p><a href="https://www.traficom.fi/fi/" target="_blank" rel="noopener">Liikenne- ja viestintävirasto Traficom</a></p><p><a href="https://www.metropolia.fi/fi" target="_blank" rel="noopener">Metropolia ammattikorkeakoulu</a></p><p><a href="https://www.museovirasto.fi/fi/" target="_blank" rel="noopener">Museovirasto</a></p><p><a href="http://www.sahk.fi/" target="_blank" rel="noopener">Suomen ajoneuvohistoriallinen keskusliitto</a></p><p><a href="http://www.bussidata.fi/slah/index.html" target="_blank" rel="noopener">Suomen Linja-autoharrastajat r.y.</a></p><p><a href="http://www.slhs.fi/" target="_blank" rel="noopener">Suomen Linja-autohistoriallinen Seura</a></p><p>Suomen maarakennuskoneiden liitto ry</p><p><a href="https://vanhatvelot.weebly.com/" target="_blank" rel="noopener">Vanhat Velot Ry.</a></p><p><a href="https://www.vetku.fi/" target="_blank" rel="noopener">Veteraanikuorma-autoseura ry</a></p><p><a href="https://www.vmpk.fi/" target="_blank" rel="noopener">Veteraanimoottoripyöräklubi ry</a></p><p>Asiantuntijalautakunta voi täydentää itseään. Lautakunnasta voi erota ilmoituksella. Mikäli lautakunnan jäsenyhteisö lopettaa toimintansa ja/tai tulee toimintakyvyttömäksi, lautakunta voi todeta jäsenyhteisön eronneen. Mobilia vahvistaa asiantuntijalautakunnan tehtävät nimityksen yhteydessä.</p>								</div>
				</div>
					</div>
		</div>
					</div>
		</section>
				<section class="elementor-section elementor-top-section elementor-element elementor-element-6305b92 elementor-section-boxed elementor-section-height-default elementor-section-height-default" data-id="6305b92" data-element_type="section" data-e-type="section">
						<div class="elementor-container elementor-column-gap-default">
					<div class="elementor-column elementor-col-100 elementor-top-column elementor-element elementor-element-0732ae1" data-id="0732ae1" data-element_type="column" data-e-type="column">
			<div class="elementor-widget-wrap elementor-element-populated">
							</div>
		</div>
					</div>
		</section>
				<section class="elementor-section elementor-top-section elementor-element elementor-element-8fff67d elementor-section-boxed elementor-section-height-default elementor-section-height-default" data-id="8fff67d" data-element_type="section" data-e-type="section">
						<div class="elementor-container elementor-column-gap-default">
					<div class="elementor-column elementor-col-100 elementor-top-column elementor-element elementor-element-7ea729e" data-id="7ea729e" data-element_type="column" data-e-type="column">
			<div class="elementor-widget-wrap">
							</div>
		</div>
					</div>
		</section>
				</div>

<p>Asiantuntijalautakunta   Mobilia asettaa jäsenyhteisöjen esityksestä kolmeksi vuodeksi kerrallaan perinneajoneuvorekisterin asiantuntijalautakunnan, joka tekee esityksiä ajoneuvojen arvoluokittamiseksi ja hyväksymiseksi perinneajoneuvorekisteriin, antaa lausuntoja harkinnanvaraisen kohteen säilymistä varmistavan taloudellisen tuen myöntämiseksi ja suorittaa muita Mobilian lautakunnalle osoittamia asiantuntijatehtäviä. Asiantuntijalautakuntaan kuuluu Mobilian nimeämä puheenjohtaja ja sihteeri sekä edustaja seuraavista neljästätoista jäsenyhteisöstä: AKK-Motorsport RY Autohistoriallinen Seura ry Automuseoiden neuvottelukunnan ajoneuvomuseot [&hellip;]</p>
